 a(y) = -419*y + 6 + 214*y - 1 + 30*y**2 - 29*y**2 + 214*y. Determine a(-14).
75
Let i(v) = -v**3 + 8*v**2 + 6*v + 4. Let d(c) = 4*c**2 + 11*c - 11. Let w(h) = -2*h - 46. Let j be w(-21). Let b be d(j). Determine i(b).
-23
Let c be (10/(-4))/((-40)/32). Suppose -17 = -g - 3*x, -g - 5*x + 7 = -c*g. Let w(j) = 5*j + 5 - g*j + j. Give w(4).
-3
Let j be (-4)/14 - (132/28 + -5). Let k(i) = -i**2 + 9*i - 3. Calculate k(j).
-3
Let o(d) = -6*d**3 + 3*d**2 - 5*d + 2. Let v = 1267 + -1266. Determine o(v).
-6
Let f be 269346/20670 + (-4)/130. Let x(i) = i**3 - 16*i**2 + 40*i - 17. Determine x(f).
-4
Suppose -14 = -2*m - 3*g, m + 2*g - 12 = 3*g. Let l = m + -7. Let n(s) = -s**2 + l*s + 0*s + 0*s - 1. What is n(4)?
-5
Let p(n) = -1777*n + 8880. Let d be p(5). Let z(m) = 2*m**2 + 16*m + 45. Determine z(d).
15
Let b(u) = -13*u**2 - u. Let g(q) = q**3 + 108*q**2 + 128*q - 12. Let j(c) = -10*b(c) - g(c). Calculate j(13).
-1
Let b be -2*(-1 + 2)/(2/(-3)). Let x(m) = 1030*m**2 + 4 - 1029*m**2 + 8*m - b. Calculate x(-8).
1
Let w(v) = v**3 - 6*v**2 - v + 6. Suppose -101 + 361 = 5*u. Let s be -8 + 7 + u/2. Let z be 116/20 - (-5)/s. Give w(z).
0
Let i(v) = -43*v**3 - 3 + 12*v**3 + 16*v**3 + 7*v**2 + 0 + 14*v**3. Let j(r) = r + 17. Let b be j(-12). Suppose 3*c = b*c - 14. Calculate i(c).
-3
Let g(y) = -y**3 - 9*y**2 + 8*y - 20. Let b be g(-10). Let h(p) be the third derivative of 0 - 3/2*p**3 + 0*p + 34*p**2 - 1/60*p**5 + 0*p**4. What is h(b)?
-9
Suppose -300*o = 1729 + 2471. Let w(u) = u**3 + 13*u**2 - 16*u - 26. Give w(o).
2
Let l = 5543 - 5539. Let d(u) = -u**3 + 2*u**2 + 4. Determine d(l).
-28
Let y(l) = -2*l**2 - 39*l - 199. Let z be y(-9). Let j(a) = -3*a - 17. What is j(z)?
13
Let t be (-4)/(-10) + (-34)/10. Let z be ((-288)/648)/((-4)/54). Let x(v) = -8*v + 2*v - 2*v**2 + 4 + 3*v + 10*v - z*v. Determine x(t).
-17
Let h(p) = 4 + p**2 + 32 + 53*p - 69*p - 10 + 9. Give h(6).
-25
Let j(v) be the second derivative of -v**8/6720 - v**7/315 - v**6/720 + v**5/40 - 2*v**4 + 8*v + 7. Let i(z) be the third derivative of j(z). Give i(-8).
11
Let a(s) = -43*s - 30*s**3 + 18*s + 64*s**3 + 15*s + 17 - 35*s**3 + 10*s**2. Determine a(10).
-83
Let n(v) = -v**3 - 7*v**2 - 7*v - 10. Suppose -b + 13 = -3*p + p, -4*p - 2*b - 22 = 0. Let o be n(p). Let r(m) = -m**2 - 2*m - 2. What is r(o)?
-10
Suppose 2*t + 2*z - z = 13, 4*z = 2*t + 12. Let w be (81/(-36))/((-2)/((-16)/(-3))). Let f(c) = -40 + 9 + 3*c + 10 + w + 10. Give f(t).
7
Let o = -392445 + 392435. Let b(n) = 4*n**3 + 7*n**2 + 24. Let h(z) = z**3 - z**2 - z + 1. Let t(m) = b(m) - 3*h(m). What is t(o)?
-9
Let t(g) = -g**3 + 15*g**2 - 13*g - 10. Let l(x) = -2*x + 34. Let k = 76 + -106. Let i be (k/(-4))/((-48)/(-64)). Let c be l(i). What is t(c)?
4
Let k(u) be the first derivative of u**4/4 - 14*u**3/3 - 11*u**2/2 - 45*u + 937. Determine k(15).
15
Let t(z) = 2*z**2 + 5*z. Suppose -k = -3*b + 2, -2*k - 4*b = -3*b - 17. Let i(s) = s + 5. Let y be i(k). Suppose 4*x = 7*x + y. What is t(x)?
12
Let z(m) = -m**3 - 5*m**2 - 2*m + 7. Let q be 27/(-63)*(-3)/(-9) - 748/154. Give z(q).
17
Let n(v) be the first derivative of 4*v**3 - v - 1. Let r be ((-14)/(-4))/((-3)/6)*147/1029. Give n(r).
11
Let g(i) be the second derivative of i**4/12 - 9*i**2 + 203*i + 13. Determine g(-4).
-2
Suppose 24*r - 23*r - 57 = 0. Suppose r*d - 12 = 58*d. Let p be (-10)/(-3)*3*(-6)/d. Let t(w) = -w**3 + 6*w**2 - 3*w + 2. What is t(p)?
12
Let m(o) = 3*o + 11. Let d(y) = y + 5. Let k(i) = -5*d(i) + 2*m(i). Let u = -826 - -839. What is k(u)?
10
Let j(c) = -c**3 - 12*c**2 - 13*c - 25. Suppose 33*u = -4*t + 28*u - 59, 0 = 3*t + 2*u + 39. What is j(t)?
-3
Let r(f) = -2*f + 10. Suppose -33 + 5 = -7*q. Let s be r(q). Let j(y) = -16*y**s - 22*y**2 + 6 + 37*y**2 - 5*y. Determine j(-7).
-8
Let j(z) = 6*z + z**3 - 1492*z**2 - 3 + 743*z**2 + 741*z**2. What is j(7)?
-10
Let c(i) be the third derivative of i**4/24 + i**3 - 229*i**2 - 7*i. Give c(-2).
4
Let z(y) be the second derivative of y**5/20 - 7*y**4/12 + y**3 + y**2/2 - 1721*y. Give z(6).
1
Let p(a) = -8*a**2 + 8*a + 18. Let o(j) be the first derivative of j**3/3 - j + 183. Let g(n) = -10*o(n) - p(n). Calculate g(-6).
-32
Let y(a) = -34 - 5 - 2*a + 7 + 4*a. Let x(o) = -o + 16. Let f(j) = -11*x(j) - 6*y(j). What is f(12)?
4
Let g(h) = h**2 + 2*h - 8. Let v(l) be the first derivative of -l**4/4 + 3*l**3 - 9*l**2 + 21*l - 134. Let p be v(7). Calculate g(p).
27
Let j(f) be the second derivative of 1/6*f**3 + 0 - 10*f - 1/2*f**2. Let p = -108 + 103. Determine j(p).
-6
Let y(a) = 14*a**3 - 4*a**2 + 13*a + 9. Let c(t) = 25*t**3 - 7*t**2 + 25*t + 17. Let o(g) = -5*c(g) + 9*y(g). What is o(4)?
12
Let u(h) = -h**3 + 5*h**2 - 3*h - 6. Suppose 419*w = 395*w + 168. Give u(w).
-125
Let g(s) = -23*s - 60. Let t be g(-13). Suppose 5*x - t = 116. Suppose x + 13 = -12*w. Let q(d) = -d**3 - 8*d**2 - 10*d. Determine q(w).
21
Let q = -12 - -9. Let f(u) = -2 - 4*u**2 + 2*u - 747357*u**3 + u**2 + 747356*u**3. Determine f(q).
-8
Let t(u) be the second derivative of u**4/12 - 19*u**3/6 + 53*u**2/2 + 2041*u. Give t(3).
5
Let f(k) be the second derivative of -49*k**4/6 - k**2/2 - 1666*k. Calculate f(1).
-99
Let s(r) = -2*r + 19. Let x be s(9). Let z(d) be the first derivative of 2*d**3/3 + 3*d**2/2 - d - 812. What is z(x)?
4
Let j(n) = 3*n + 11. Let t be j(-1). Let w(c) = t*c**2 + 565 - 282 - 282 + c**3 + c. Let i be 8/12*4*-3. Determine w(i).
-7
Let q(l) be the second derivative of 2*l**3/3 + 50*l**2 - 78*l - 8. Calculate q(-25).
0
Let x(w) = -w**3 - 10*w**2 - w - 7. Let p be 3/(-2) + (-15)/6 + 4. Suppose 5 = -3*j + k - p*k, -j = -5*k + 25. Suppose -30 = 3*i - j. Determine x(i).
3
Let i(g) be the first derivative of g**4/4 - 5*g**3 + g**2/2 - 12*g - 1141. What is i(15)?
3
Let q be ((-3)/2 + 1)*0. Suppose q - 20 = 5*z. Let y be ((-10)/z + -3)*2. Let k(g) = 11*g + 1. What is k(y)?
-10
Let b = 1219 - 1215. Let p(g) = -g**3 + 4*g**2 + 6*g - 6. Determine p(b).
18
Let k be 6/(8/2 - 2). Let v(g) = 13*g**2 + k + 1 - 11*g**2 + 3*g. Let n(r) = r**2 + 2*r + 3. Let o(t) = 8*n(t) - 5*v(t). Determine o(3).
-11
Suppose 5*h - 16 = 14. Suppose -d = 2 - h. Suppose -2*v = 3*g + 2 - 4, v = d*g - 10. Let t(b) = b**3 - 2*b**2 + 3*b - 2. Give t(g).
4
Let a(z) = -z + 2. Let t be ((-132)/(-8))/3*(-2 + 4). Suppose -3*i - 5*x + 35 = t, 12 = 5*i - x. Suppose i*v = 9, k + 4*k + 4*v = 27. What is a(k)?
-1
Let f = -2 - -4. Let v be 4/(0 - -2) - (-9)/3. Let s(z) = 12*z**2 + 3*z - 6. Let g(q) = 14*q**2 + 4*q - 7. Let a(n) = v*g(n) - 6*s(n). What is a(f)?
-3
Let w be -102*((-8)/(-30))/(18/(-45)). Suppose 14*f - 156 - w = 0. Let j = f + -15. Let g(h) = 7*h**3 + h**2 - 1. Give g(j).
7
Let d = 45223 + -45242. Let t(s) = -s**2 - 44*s - 476. Calculate t(d).
-1
Let g(u) = u + 7. Let b(r) = 6*r**2 + r. Let a be b(1). Suppose 5*y - a*n + 3*n = -595, 3*y - n = -357. Let p be y/34*(-2)/(-1). Give g(p).
0
Let p(b) = -3*b**3 - 45 - 3*b**3 - 15447*b + 15462*b + 5*b**3 + 9*b**2. What is p(10)?
5
Suppose 10 = -6*v + v. Let n(w) = -2 + 2156*w + 4*w**2 - 2159*w - 2*w**2 + 2*w**3. Give n(v).
-4
Let w(o) = 5*o**2 + 14*o + 6. Let z be w(-4). Let r(g) = 3*g - 34 - 32 - z + 94. Give r(1).
1
Let w(p) = p + 19. Let c be w(-11). Suppose 6*a - a - 9 = -3*b, -4*a - 2*b + c = 0. Suppose x - 4 = -y + 2*x, 18 = 5*y - a*x. Let z(d) = 4*d - 2. What is z(y)?
10
Let z(u) = -15*u + 346. Let f be z(23). Let g(l) be the third derivative of -l**6/40 + l**4/12 - l**3/6 + 18*l**2. Give g(f).
-2
Let w = -1843 - -2802. Let f = 957 - w. Let j(o) = 11*o**2 - 1. Determine j(f).
43
Let h(i) = -16*i - 2. Let r = -32 + 39. Suppose -7*k + 21 = r. Give h(k).
-34
Let q = 227 - 109. Let h = q + -114. Let r(i) = 4*i - 4. Determine r(h).
12
Let p(a) be the first derivative of -2*a**3/3 + a**2/2 + 5*a - 1880. What is p(-3)?
-16
Let q(u) = u**3 - 9*u**2 + 3*u - 7. Let n(w) = 28*w - 191. Let y be n(7). Suppose z + 6 = -5*c, -y*z + 4 = 4*c - 29. Calculate q(z).
20
Let r(d) = -101*d - 12. Let m(n) = 278*n + 35. Let u(f) = -4*m(f) - 11*r(f). Determine u(-12).
4
Let m(s) = -5*s**2 - s + 13. Let x(a) = 4*a**2 + 2*a - 13. Let u(t) = -3*m(t) - 4*x(t). Let i be (-392)/1764 - (-52)/(-9). Calculate u(i).
7
Let m(d) be the second derivative of d**5/10 + d**4/3 + 2*d**3/3 + d**2 - d. Let a = 402 + -405. Let h be (-19)/(-57) + 7/a. Determine